 30. Is f a composite number?
True
Suppose w - 2794 = -y + 4*w, -4*y + 3*w + 11149 = 0. Is y a composite number?
True
Let z(l) = -l**3 + 58*l**2 - 17*l + 101. Is z(54) composite?
False
Let o be (-17001)/(-18) + (1 - (-2)/(-4)). Suppose -4*u + o = -635. Is u a prime number?
False
Let k(i) = i**3 + 6*i**2 - 8*i - 12. Let u = -6 + 8. Let v be (25/u)/5*-2. Is k(v) prime?
True
Let c = 1321 + -75. Let t = c - 507. Is t a composite number?
False
Suppose -9 = 3*b, 17*p - 5*b + 12212 = 18*p. Is p a prime number?
True
Suppose -3*b = n - 5*n - 68635, -5*n = -5*b + 114390. Is b composite?
False
Is (-66282)/((2 + -9)*(-2)/(-7)) a composite number?
True
Suppose 3*t - 660 = -5*v - 0*t, -5*t - 104 = -v. Let p(i) = 197*i**3 - 2*i**2 + 2*i - 1. Let q be p(1). Let c = q - v. Is c a composite number?
False
Let s(u) = 13*u - 1. Let b be 2/4 - 3/2. Let l = 5 - b. Is s(l) prime?
False
Let g = -378 - 313. Is (-3 + -2)*g - -2 prime?
True
Let h(b) = 6*b**2 - 9*b - 5. Let p be h(-6). Suppose 2*g = -93 + p. Suppose 0 = 2*k - 3*c + g - 418, 2*c + 819 = 5*k. Is k a prime number?
True
Suppose 3*o - 12*o = -171. Suppose 23*q - o*q = 8068. Is q a prime number?
True
Let d(g) = g**2 - 16*g + 13. Let a be d(11). Let y = a - -27. Is 107/5 + 6/y prime?
False
Suppose 0 = -3*z + 74 - 35. Let k(w) = 7*w**2 + 13*w + 5. Is k(z) prime?
False
Let r(m) = -2*m - 2. Let n be r(-2). Suppose 38 = -5*b + n*j, -2*b - 3*j + 4 = j. Is 252 + -3*2/b composite?
True
Let h(o) = 39*o**2 - 10*o + 17. Is h(10) a prime number?
False
Suppose 3*o + 9*o - 36 = 0. Suppose 0 = f + 2*q - 266, -o*f + 1366 = 2*f + q. Is f composite?
True
Is (51279/21)/((-3)/(-21)) a composite number?
False
Let n(x) = x + 1. Let z(f) = 40*f. Let v(q) = -12*n(q) - z(q). Let j be v(-6). Let w = j - 139. Is w a prime number?
False
Let v(i) = -482*i - 1021*i - 448*i. Let y(h) = 108281*h. Let f(x) = -278*v(x) - 5*y(x). Is f(1) prime?
False
Let v = 12835 + -5766. Is v composite?
False
Let c = 21316 - -18153. Is c a prime number?
False
Let v be ((-14)/4)/(5/(-10)). Let r = v + -2. Suppose 3*y + 266 = r*y. Is y a prime number?
False
Suppose r + 4 = 5*r. Suppose -5*d = 3*q - 32, r = 2*d - 2*q - 15. Let w(t) = 6*t + 13. Is w(d) prime?
False
Suppose f = -0*f + 51. Suppose 0 = -2*q - j + 212, 2*j = 3*q + 5*j - 318. Let x = q - f. Is x a prime number?
False
Let j = -1 - -3. Let c be (j + -2)*(-2)/(-4). Suppose 3*s - s - 366 = c. Is s prime?
False
Suppose 3*l - 14 = -50. Let y(z) = -67*z + 9. Is y(l) a composite number?
True
Let g(u) = -2*u**2 + 0*u**3 + 5 + 2*u**3 - 3*u**3. Let p be ((-3)/(6/(-8)))/(-1). Is g(p) a composite number?
False
Let m(j) = 373*j - 9. Is m(2) a composite number?
True
Suppose -9*r - 4*a + 1153 = -6*r, 2*r - 778 = -5*a. Is r composite?
False
Let g(y) = 65*y + 22. Is g(29) a prime number?
True
Suppose -c + 5298 = -v, 0*v - 20 = 5*v. Suppose -78*t = -80*t + c. Is t prime?
True
Let p(c) = 4*c**2 - 13*c + 152. Is p(37) composite?
False
Let u(t) = -t**2 + 10*t - 11. Let d be u(8). Suppose 8*p = d*p + 2154. Is p composite?
True
Let i be (-4)/1*34/(-68). Let s be -75 + (2 + -4)*-1. Is -8*s/i + 1 composite?
False
Suppose -4*u - 4*q + 2*q = -3976, u = -q + 992. Let b = -1475 + u. Let i = -232 - b. Is i a prime number?
False
Let s(o) be the second derivative of 139*o**4/12 + o**3/3 - 3*o**2/2 - 5*o. Let b be -5*((-13)/(-5) + -3). Is s(b) a composite number?
False
Suppose 3*j + 2505 = 3*p, 3*p + 3*j - 410 = 2119. Is p/(6/5 + 3/(-15)) prime?
True
Let n be 2 - 3/(-5 - -6). Let m be 4/(-6) - 800/(-12). Is m - n/(-2)*-2 prime?
True
Let a be (-9)/(-2) - 2/(-4). Suppose -a*h = -942 - 1123. Is h a composite number?
True
Let j(s) = 2*s**2 - 9*s + 9. Let o be j(9). Let m = 163 - o. Let a = -52 + m. Is a prime?
False
Let g(s) = s**3 - 5*s**2 - 7*s + 9. Let i be g(6). Let t(y) = 17*y**2 + 2*y + 2. Is t(i) prime?
False
Suppose 3*b + 4*n = -49, -3*b = -4*b - 2*n - 19. Let w = 61 - 15. Let t = w - b. Is t a composite number?
True
Let x(t) = t**3 - 3*t**2 - 8*t + 7. Let h be 13/(-91) - (-44)/14. Let n be -3 + -3 + h - -9. Is x(n) a prime number?
True
Is (0 + (-11771)/3)*(-31 + 28) a composite number?
True
Let w be ((-2)/1)/(8/(-4)). Is (52 + w)/(3/3) a prime number?
True
Let p = 3423 + -500. Is p a composite number?
True
Let h = 27 + -25. Suppose 6*z = 4*i + 2*z - 4168, 3*i + h*z = 3111. Is i a composite number?
False
Let d(x) = -4 - 32*x - 63*x + 4*x - 13. Is d(-4) a composite number?
False
Let k(t) = 2*t**2 - 4*t - 1. Let q be k(3). Suppose 2*c + 0*p - 2341 = -p, q*p = 5*c - 5830. Is c a composite number?
True
Suppose 3*u - 2*u = 4. Is (-9)/(-18) + 1002/u a prime number?
True
Let n be 42412/16 - (-6)/(-8). Let s be n*2/8*2. Suppose 0 = -4*i - i + s. Is i prime?
False
Is (-3)/(-4) - (5 - 2106423/44) a prime number?
True
Suppose 3*c - 4*h - 81 + 9 = 0, 4*h = 4*c - 100. Suppose 2*v - c - 30 = 0. Is 19*v - (25 - 25) a composite number?
True
Let z = 643 - 233. Let k = -201 + z. Is k a composite number?
True
Suppose 4*w - 2372 = -w + 4*m, -2*m + 1882 = 4*w. Suppose 0 = -b - 7*b + w. Is b composite?
False
Suppose -5*d = -9*d + 5*p + 6363, -5*p - 1572 = -d. Is d composite?
False
Let u = -503 + 5116. Is u a composite number?
True
Let u = 18794 + -13015. Is u composite?
False
Let p = -25 - -27. Let t(s) = 10 + 6 + 0 + 14*s + 5*s**p. Is t(-11) prime?
True
Let r be -1 - 1 - (-3 - (-1 + 4)). Is (1073/2 + 2)/(2/r) prime?
False
Is (3 + (-28744)/(-24))/(2/3) composite?
False
Let v = -24 - -26. Suppose -3*h = -y - v*y + 144, -220 = -5*y - 5*h. Suppose 0*q + y = q. Is q prime?
False
Let q = -1 + 3. Let g be 35*(16/28)/q. Is (-716)/(-8) - 5/g a prime number?
True
Is 2/(-10)*((-381030)/10 + -2) prime?
True
Suppose 9026 = 2*j - 2*f - 28, 3*f = 4*j - 18109. Suppose -2568 = -4*q + j. Is q composite?
True
Let l = -16512 - -28153. Is l prime?
False
Let b(o) = o**3. Let q(s) = -3*s**3 + 14*s**2 + 14. Let v(x) = -2*b(x) - q(x). Is v(15) prime?
True
Suppose -23*u + 225773 = 8*u. Is u prime?
True
Suppose d + 59 = 3*t, 0 = -t - 3 + 2. Let n = -30 - d. Is n - ((2 - 3) + -2) composite?
True
Let i(f) = -317*f**2 - 30*f + 10. Let m be i(7). Is m/(-3) - (16/(-6) - -2) composite?
True
Suppose -2 = 3*n - 14, 2*n = -2*p + 748. Suppose 0 = -4*f - p + 2438. Is f prime?
False
Suppose 9*b - 4*b = -20. Let n be (-654)/(-14) - b/14. Suppose 0 = k - n - 2. Is k composite?
True
Suppose 5*x - 3825 = 4*h - 9*h, 5*h = 3*x - 2327. Is x prime?
True
Suppose -7*o + 3*o = 0. Suppose f + 3*i - 173 = 101, o = 2*i. Is f prime?
False
Let j(d) = 1812*d + 23. Is j(8) prime?
True
Let q(d) = d**2 - 5*d + 4. Let t be q(5). Suppose -32815 = t*a - 9*a. Is a a prime number?
True
Suppose -5*x = 3*p + 35, -8 = 2*x + 3*p + 6. Let u(s) = -s**3 - 4*s**2 + 6*s - 22. Is u(x) composite?
False
Suppose 2*g - 7*g = -5*l + 35, -5*l = 3*g - 3. Let c be (-4)/l*(-3 - -6). Is (-149)/c + 6/(-24) prime?
True
Let u(x) = -x**3 + 4*x**2 - 32*x + 68. Is u(-27) prime?
True
Suppose -r + 70 + 543 = 0. Is r composite?
False
Let q be 10/(-3) + (3/9)/1. Is ((-1594)/(-4))/(q/12*-2) a composite number?
False
Let g(o) = -2*o - 23. Let z be g(-14). Suppose -4*f - z*y + 341 = 0, -5*y = 5*f - 254 - 166. Let b = f - -172. Is b a composite number?
False
Suppose 6 = 5*b - 3*i, 2*b - 6 - 12 = -4*i. Let q(x) = -83*x**2 - 12*x + 5. Let u(v) = -42*v**2 - 6*v + 3. Let w(s) = 2*q(s) - 5*u(s). Is w(b) prime?
True
Suppose -w + 5*l + 27123 = 0, 5*w + 2*l - 189951 = -54228. Is w a composite number?
False
Let f = 39 - 37. Suppose -r = 2*a - 831, -a = f*r + a - 1652. Is r a prime number?
True
Let l(j) = -4*j**3 - 24*j**2 + 36*j + 25. Is l(-19) prime?
False
Let d(n) = -12*n + n**2 - 5 + 0 + n + 2*n. Let z be d(10). Suppose -z*a = 2*i - 257, i = a + 3*a - 203. Is a a prime number?
False
Suppose 3*o - 68 = o. Let x = o + 31. Is x a prime number?
False
Let h be (117512/6)/4 - 2/(-3). Suppose 5*i - 2777 = -3*q, 4*q + 1233 - h = 3*i. Is q composite?
False
Let n(h) be the third derivative of 0*h + 5/24*h**4 + 9/10*h**5 + 0 - 2/3*h**3 - 5*h**2. Is n(3) a composite number?
True
Let t be 14/(-3) + (-4)/(-6). Let u be (-84)/(-4) + (1 - 4). Let y = u - t. Is y composite?
True
Suppose -36*t - 1550 = -35*t. Let r = -609 - t. Is r a composite number?
False
Let i = 2792 + 615. Is i a composite number?
False
Let o(m) = -3*m**3 - 7*m**2 - 9*m + 11. Let c = -59 - -51. I